12130 - -1013221?
11232011
In base 5, what is 4 - 23243002313?
-23243002304
In base 11, what is 1 - -77103a?
771040
In base 13, what is 10a6961 + -1?
10a6960
In base 14, what is -92c + -6bd?
-120b
In base 7, what is 11502 + 662?
12464
In base 13, what is 4b3255 + -1?
4b3254
In base 12, what is 5 + 2660176?
266017b
In base 7, what is 1 + -156014511?
-156014510
In base 8, what is 62553 + 3036?
65611
In base 10, what is 1 - 1750519?
-1750518
In base 15, what is 1a3 - -4b62b?
4b7ce
In base 4, what is 130 - -10021313312?
10021320102
In base 4, what is -13130 - -131010301?
130331111
In base 5, what is 1123401402 - -3?
1123401410
In base 5, what is 20 - 2204132302?
-2204132232
In base 3, what is 20 + 1012122101001?
1012122101021
In base 9, what is 24 - 5017482?
-5017457
In base 15, what is 13ed9c - -cb?
13ee78
In base 4, what is -22211200223 + -10?
-22211200233
In base 12, what is -13b + 115488?
115349
In base 16, what is -73777 + 2c?
-7374b
In base 8, what is -1111 + -47746?
-51057
In base 4, what is 2 + -20201131112012?
-20201131112010
In base 10, what is -4 + 15710874?
15710870
In base 6, what is 401 + 31353014?
31353415
In base 4, what is 313000 + 10221330?
11200330
In base 2, what is -10101001 + 1011111011100101000?
1011111011001111111
In base 13, what is 4 + -1b47c2b8?
-1b47c2b4
In base 9, what is 44 + 82057815?
82057860
In base 12, what is 194a09b + 2?
194a0a1
In base 13, what is -1c261 + -5535?
-24796
In base 16, what is -a4cfea + -c?
-a4cff6
In base 16, what is 7bdc01 - -94?
7bdc95
In base 14, what is 47 + -d784?
-d73b
In base 4, what is 10110212220 + 3301?
10110222121
In base 9, what is 17341680 + -1?
17341678
In base 15, what is -4964d - 61c?
-49c6a
In base 2, what is 1001 - -100111011001000101100?
100111011001000110101
In base 9, what is 7 + -31013658?
-31013651
In base 12, what is 79825 - b1?
79734
In base 15, what is -535 - -d571?
d03b
In base 14, what is -90a75 + -41?
-90ab6
In base 7, what is -5 - -2246305466?
2246305461
In base 5, what is -34 + 2310440434?
2310440400
In base 10, what is -35036 + -2619?
-37655
In base 8, what is 4764372 - -13?
4764405
In base 5, what is 0 + -20431234023?
-20431234023
In base 7, what is -5065411 - -34?
-5065344
In base 10, what is -6763 + -10892?
-17655
In base 2, what is -1000101111001011101 - -10111111000?
-1000101100001100101
In base 6, what is 3 - 105044301?
-105044254
In base 7, what is -14510512 + 16?
-14510463
In base 9, what is 10 - -253828?
253838
In base 12, what is -100b + -6a765?
-6b774
In base 15, what is 46630 + -4c?
465d3
In base 7, what is -16433144 - -23?
-16433121
In base 9, what is 821 - 82341?
-81420
In base 7, what is 5 - 14213114?
-14213106
In base 6, what is 0 - 415054330?
-415054330
In base 5, what is -102301313 - 30?
-102301343
In base 5, what is -43 + -124203412?
-124204010
In base 5, what is -1240040344020 - -10?
-1240040344010
In base 5, what is -10 + -1400100440?
-1400101000
In base 10, what is 11115 - -7444?
18559
In base 2, what is -1110 + -100110000011000111101?
-100110000011001001011
In base 16, what is 812cd - -a1?
8136e
In base 7, what is -1460045125 - 11?
-1460045136
In base 13, what is 961a8b - 0?
961a8b
In base 9, what is -1218 - 815276?
-816505
In base 14, what is -2642d + 19?
-26414
In base 13, what is -15 - -1093750?
1093738
In base 15, what is -18d5e - 65?
-18dc4
In base 12, what is 6a4b + -574?
6497
In base 6, what is 5 - 31244235?
-31244230
In base 9, what is -7 + 32451847?
32451840
In base 5, what is 142100 - -24011?
221111
In base 14, what is -5 + 26ac983?
26ac97c
In base 11, what is 2 + 5314093?
5314095
In base 16, what is -12 + 1643ac4?
1643ab2
In base 5, what is 412231 - 12031?
400200
In base 2, what is 1101101010011101101 - 1010111?
1101101010010010110
In base 3, what is 122022111012 + -220?
122022110022
In base 14, what is -16399 + 142?
-16257
In base 6, what is -12113 - -555?
-11114
In base 2, what is -11011100011001011 + -1100111101?
-11011110000001000
In base 16, what is -35 + 4fe?
4c9
In base 10, what is 1387260 - -242?
1387502
In base 15, what is -e0bd - 45?
-e113
In base 4, what is 20200200011 - -10?
20200200021
In base 15, what is -6775 + -405?
-6b7a
In base 16, what is -6c80 - 1c?
-6c9c
In base 3, what is 1 + -11011211200010012?
-11011211200010011
In base 16, what is 4 - d8572?
-d856e
In base 4, what is 11 - 3123102002221?
-3123102002210
In base 9, what is -20 + -4773411?
-4773431
In base 3, what is 0 + 22111011122012?
22111011122012
In base 5, what is 20214 - 132102040?
-132031321
In base 7, what is 111361 + -31004?
50354
In base 7, what is 13346 + -4054?
6262
In base 11, what is -22a9804 - 0?
-22a9804
In base 5, what is -100424 - -234333?
133404
In base 12, what is 6a95 + 10526?
173bb
In base 4, what is -120302 + 211002?
30100
In base 9, what is 4 + -14736670?
-14736665
In base 4, what is -13120100322 - -12?
-13120100310
In base 13, what is -83c74b5 - 13?
-83c74c8
In base 12, what is -102624a - 58?
-10262a6
In base 10, what is -14898 - 22778?
-37676
In base 2, what is 10000110100101011010 + 10100?
10000110100101101110
In base 9, what is 502 + 44137?
44640
In base 7, what is -11430152 + 102?
-11430050
In base 7, what is 10466121 + 254?
10466405
In base 12, what is 1 + 1662320?
1662321
In base 6, what is 3211355 - -45?
3211444
In base 7, what is -304 - -1620264?
1616660
In base 4, what is -22103 - 203112301?
-203201010
In base 4, what is 21233130102 - -3?
21233130111
In base 10, what is 1859126 + -15?
1859111
In base 15, what is -a10d254 + -5?
-a10d259
In base 2, what is -1011001001100011 + -1111?
-1011001001110010
In base 11, what is -45 + -171155?
-17119a
In base 7, what is 1253162 - -3062?
1256254
In base 15, what is -79e3be0 - 3?
-79e3be3
In base 8, what is 10321 + -524?
7575
In base 5, what is -30133421330043 - -10?
-30133421330033
In base 2, what is 11000101110001100110000111 + 11?
11000101110001100110001010
In base 11, what is 300391 + 12?
3003a3
In base 16, what is -41d - -1e9a?
1a7d
In base 4, what is 2 - 2221121013011?
-2221121013003
In base 11, what is -564 + aa27?
a473
In base 15, what is -21d + -3324?
-3542
In base 8, what is -633437 - -1475?
-631742
In base 16, what is -1971 - -57a?
-13f7
In base 3, what is -20112101221 - -1000?
-20112100221
In base 13, what is -3 - -175544c7?
175544c4
In base 14, what is 3d5c02 - -a?
3d5c0c
In base 8, what is 1757671 + 251?
1760142
In base 5, what is 32221124 + 10223?
32231402
In base 6, what is 15435105553 - 2?
15435105551
In base 14, what is -15612 + -33c?
-15950
In base 8, what is 4 - 3053646674?
-3053646670
In base 10, what is -42 - 4327779?
-4327821
In base 5, what is -2043303313 - -2?
-2043303311
In base 8, what is 15336152 - 0?
15336152
In base 15, what is c719 + 2b38?
10352
In base 7, what is 134466 - -314?
135113
In base 14, what is 1a5547 - 8?
1a553d
In base 12, what is b56a + -4997?
6793
In base 16, what is -2ffcf - 1388?
-31357
In base 16, what is -6d6f + 83?
-6cec
In base 5, what is -1212204030 + -1420?
-1212211000
In base 15, what is 352 - 3b6d9?
-3b387
In base 11, what is 7a - 4118a78?
-41189a9
In base 7, what is -4 + 4363023506?
4363023502
In base 15, what is 4 - 315680?
-31567b
In base 9, what is 123602708 - 4?
123602704
In base 13, what is -12a73b + -37?
-12a775
In base 11, what is -372565276 - 5?
-372565280
In base 8, what is -17734510 + -3?
-17734513
In base 4, what is 103211222011 - 22?
103211221323
In base 14, what is -4b473 - -29?
-4b448
In base 16, what is -42e + 72f3?
6ec5
In base 12, what is 101 + -22061?
-21b60
In base 10, what is -1 + -26701615?
-26701616
In base 6, what is -335311 - -1?
-335310
In base 8, what is -404703006 + -1?
-404703007
In base 8, what is -12704010 + -6?
-12704016
In base 12, what is -112302 - -98?
-112226
In base 3, what is -110001122120 - -2211?
-110001112202
In base 11, what is -12478 + 419?
-1205a
In base 15, what is 0 - -395bd1?
395bd1
In base 12, what is -13b07a - -b4?
-13ab86
In base 7, what is 4342621301 + -1?
4342621300
In base 16, what is 7 - 1f4667?
-1f4660
In base 9, what is 442654 + -201?
442453
In base 15, what is 8 + 1a251?
1a259
In base 6, what is 1 - 45054113234?
-45054113233
In base 14, what is -4 - -12d41120?
12d4111a
In base 7, what is 12231011511 + -5?
12231011503
In base 15, what is 91c2 + 1273?
a445
In base 12, what is 